{"id":32,"date":"2022-05-24T22:00:36","date_gmt":"2022-05-24T20:00:36","guid":{"rendered":"http:\/\/cecile-ostiz-avocat.com\/?page_id=32"},"modified":"2022-05-25T22:35:33","modified_gmt":"2022-05-25T20:35:33","slug":"contact","status":"publish","type":"page","link":"https:\/\/cecile-ostiz-avocat.com\/index.php\/contact\/","title":{"rendered":"Nous contactez"},"content":{"rendered":"\n<h2 class=\"wp-block-heading\">Prenez contact avec votre avocat \u00e0 Ciboure pour d\u00e9fendre vos droits<\/h2>\n\n\n\n<p>Ma\u00eetre C\u00e9cile Ostiz, avocat \u00e0 Ciboure (Pyr\u00e9n\u00e9es-Atlantiques), d\u00e9fend les&nbsp;<strong>particuliers<\/strong>&nbsp;dans les domaines du droit civil qui comprend notamment le&nbsp;<a href=\"https:\/\/www.cecile-ostiz-avocat.fr\/droit-famille\">droit de la famille<\/a>(divorce, s\u00e9paration, adoption, succession) et le droit des enfants (assistance des mineurs en danger). Elle vous accompagne \u00e9galement dans vos demandes de r\u00e9paration des&nbsp;<a href=\"https:\/\/www.cecile-ostiz-avocat.fr\/dommages-corporels\">pr\u00e9judices corporels<\/a>&nbsp;si vous \u00eates victime d&rsquo;<strong>agression<\/strong>&nbsp;ou d&rsquo;<strong>accident<\/strong>.<br>Votre avocat traite \u00e9galement du&nbsp;<a href=\"https:\/\/www.cecile-ostiz-avocat.fr\/droit-penal\">droit p\u00e9nal<\/a>, assistance en&nbsp;<strong>garde \u00e0 vue<\/strong>,&nbsp;<strong>droit des personnes d\u00e9tenues<\/strong>, am\u00e9nagements de peine, ainsi que les affaires de&nbsp;<strong>droit civil<\/strong>(baux d&rsquo;habitation, actions en paiement ou en expulsion). Ma\u00eetre C\u00e9cile Ostiz exerce la profession depuis 2009.<\/p>\n\n\n\n<p>Vous pouvez remplir le formulaire suivant ou nous \u00e9crire \u00e0 <a href=\"mailto:avocat@ostiz.fr\" data-type=\"mailto\" data-id=\"mailto:avocat@ostiz.fr\">avocat@ostiz.fr<\/a><\/p>\n\n\n\n<div class=\"wp-block-contact-form-7-contact-form-selector\">\n<div class=\"wpcf7 no-js\" id=\"wpcf7-f117-o1\" lang=\"fr-FR\" dir=\"ltr\" data-wpcf7-id=\"117\">\n<div class=\"screen-reader-response\"><p role=\"status\" aria-live=\"polite\" aria-atomic=\"true\"><\/p> <ul><\/ul><\/div>\n<form action=\"\/index.php\/wp-json\/wp\/v2\/pages\/32#wpcf7-f117-o1\" method=\"post\" class=\"wpcf7-form init\" aria-label=\"Formulaire de contact\" novalidate=\"novalidate\" data-status=\"init\">\n<fieldset class=\"hidden-fields-container\"><input type=\"hidden\" name=\"_wpcf7\" value=\"117\" \/><input type=\"hidden\" name=\"_wpcf7_version\" value=\"6.1.5\" \/><input type=\"hidden\" name=\"_wpcf7_locale\" value=\"fr_FR\" \/><input type=\"hidden\" name=\"_wpcf7_unit_tag\" value=\"wpcf7-f117-o1\" \/><input type=\"hidden\" name=\"_wpcf7_container_post\" value=\"0\" \/><input type=\"hidden\" name=\"_wpcf7_posted_data_hash\" value=\"\" \/><input type=\"hidden\" name=\"_wpcf7_recaptcha_response\" value=\"\" \/>\n<\/fieldset>\n<p><label> Votre nom<br \/>\n<span class=\"wpcf7-form-control-wrap\" data-name=\"your-name\"><input size=\"40\" maxlength=\"400\" class=\"wpcf7-form-control wpcf7-text wpcf7-validates-as-required\" aria-required=\"true\" aria-invalid=\"false\" value=\"\" type=\"text\" name=\"your-name\" \/><\/span> <\/label>\n<\/p>\n<p><label> Votre e-mail<br \/>\n<span class=\"wpcf7-form-control-wrap\" data-name=\"your-email\"><input size=\"40\" maxlength=\"400\" class=\"wpcf7-form-control wpcf7-email wpcf7-validates-as-required wpcf7-text wpcf7-validates-as-email\" aria-required=\"true\" aria-invalid=\"false\" value=\"\" type=\"email\" name=\"your-email\" \/><\/span> <\/label>\n<\/p>\n<p><label> Objet<br \/>\n<span class=\"wpcf7-form-control-wrap\" data-name=\"your-subject\"><input size=\"40\" maxlength=\"400\" class=\"wpcf7-form-control wpcf7-text wpcf7-validates-as-required\" aria-required=\"true\" aria-invalid=\"false\" value=\"\" type=\"text\" name=\"your-subject\" \/><\/span> <\/label>\n<\/p>\n<p><label> Votre message (facultatif)<br \/>\n<span class=\"wpcf7-form-control-wrap\" data-name=\"your-message\"><textarea cols=\"40\" rows=\"10\" maxlength=\"2000\" class=\"wpcf7-form-control wpcf7-textarea\" aria-invalid=\"false\" name=\"your-message\"><\/textarea><\/span> <\/label>\n<\/p>\n<p><input class=\"wpcf7-form-control wpcf7-submit has-spinner\" type=\"submit\" value=\"Envoyer\" \/>\n<\/p><div class=\"wpcf7-response-output\" aria-hidden=\"true\"><\/div>\n<\/form>\n<\/div>\n<\/div>\n\n\n\n<center><iframe src=\"https:\/\/www.google.com\/maps\/embed?pb=!1m18!1m12!1m3!1d2899.7947715875503!2d-1.6703651489051032!3d43.38131507788459!2m3!1f0!2f0!3f0!3m2!1i1024!2i768!4f13.1!3m3!1m2!1s0xd55d1124a06c8e5%3A0x73a3fdafce616fb3!2sOstiz%20C%C3%A9cile!5e0!3m2!1sfr!2sfr!4v1653507648477!5m2!1sfr!2sfr\" width=\"600\" height=\"450\" style=\"border:0;\" allowfullscreen=\"\" loading=\"lazy\" referrerpolicy=\"no-referrer-when-downgrade\"><\/iframe><\/center>\n","protected":false},"excerpt":{"rendered":"<p>Prenez contact avec votre avocat \u00e0 Ciboure pour d\u00e9fendre vos droits Ma\u00eetre C\u00e9cile Ostiz, avocat \u00e0 Ciboure (Pyr\u00e9n\u00e9es-Atlantiques), d\u00e9fend les&nbsp;particuliers&nbsp;dans les domaines du droit civil qui comprend notamment le&nbsp;droit de la famille(divorce, s\u00e9paration, adoption, succession) et le droit des enfants (assistance des mineurs en danger). Elle vous accompagne \u00e9galement dans vos demandes de r\u00e9paration des&nbsp;pr\u00e9judices&hellip; <a class=\"more-link\" href=\"https:\/\/cecile-ostiz-avocat.com\/index.php\/contact\/\">Poursuivre la lecture <span class=\"screen-reader-text\">Nous contactez<\/span><\/a><\/p>\n","protected":false},"author":1,"featured_media":0,"parent":0,"menu_order":0,"comment_status":"closed","ping_status":"closed","template":"","meta":{"footnotes":""},"class_list":["post-32","page","type-page","status-publish","hentry","entry"],"_links":{"self":[{"href":"https:\/\/cecile-ostiz-avocat.com\/index.php\/wp-json\/wp\/v2\/pages\/32","targetHints":{"allow":["GET"]}}],"collection":[{"href":"https:\/\/cecile-ostiz-avocat.com\/index.php\/wp-json\/wp\/v2\/pages"}],"about":[{"href":"https:\/\/cecile-ostiz-avocat.com\/index.php\/wp-json\/wp\/v2\/types\/page"}],"author":[{"embeddable":true,"href":"https:\/\/cecile-ostiz-avocat.com\/index.php\/wp-json\/wp\/v2\/users\/1"}],"replies":[{"embeddable":true,"href":"https:\/\/cecile-ostiz-avocat.com\/index.php\/wp-json\/wp\/v2\/comments?post=32"}],"version-history":[{"count":8,"href":"https:\/\/cecile-ostiz-avocat.com\/index.php\/wp-json\/wp\/v2\/pages\/32\/revisions"}],"predecessor-version":[{"id":130,"href":"https:\/\/cecile-ostiz-avocat.com\/index.php\/wp-json\/wp\/v2\/pages\/32\/revisions\/130"}],"wp:attachment":[{"href":"https:\/\/cecile-ostiz-avocat.com\/index.php\/wp-json\/wp\/v2\/media?parent=32"}],"curies":[{"name":"wp","href":"https:\/\/api.w.org\/{rel}","templated":true}]}}